0 + t**2. What is z(3)?
5
Let y(a) be the third derivative of a**5/60 + 7*a**4/24 - 2*a**3/3 + 2*a**2 - 16*a. Give y(-8).
4
Let y(p) be the first derivative of -3*p**4/4 + p**3/3 + p**2 - p - 717. Let k be (-18)/(-8) - (-3)/(-12). Calculate y(k).
-17
Let s(z) = 2*z - 3*z + 6*z - 2*z. Let p(b) = b - 6. Let w(i) = 10*i - 65. Let m(t) = -65*p(t) + 6*w(t). Let o(x) = 5*m(x) + 8*s(x). Give o(-4).
4
Let f(q) = -q**2 + 6*q + 2. Let w be 6 + (2 - (4 - 0)). Let n be 8/(-12) - w/(-6). Suppose 0 = -2*j + 7 + 1, n = -4*d - 3*j + 32. Determine f(d).
7
Suppose -247 + 415 = -21*y. Let f(g) = 6*g + 32. What is f(y)?
-16
Suppose -67*r + 6 + 128 = 0. Let h(m) be the second derivative of 1/12*m**4 + 3*m**r + 0 - m**3 - 11*m. What is h(5)?
1
Let o = -4 - -7. Let q(i) be the second derivative of -1/2*i**2 - 2*i + 1/3*i**3 + 0. Give q(o).
5
Let i(y) be the second derivative of -y**5/20 + 5*y**4/6 + y**3/3 - 13*y**2/2 + 381*y. What is i(10)?
7
Let y(p) = -843*p**2 - 5 - 3 + 6*p - p**3 + 841*p**2. Determine y(-4).
0
Let n be 2 + -2 + 14/2. Let r = 70 - -113. Let j(m) = -8 + 7*m**2 - 90*m - m**3 + r*m - 92*m. Give j(n).
-1
Suppose j = -2*d + 5*d, 2*j = -4*d. Let b(m) = -m**2 - m. Let k(l) = -5*l**2 - 7*l + 1. Let p(r) = 6*b(r) - k(r). What is p(j)?
-1
Let h(c) = -4*c**2 - 2. Suppose 4*v - 6 = 5*l - 3*l, v - 5 = -3*l. What is h(v)?
-18
Let q(c) = -c + 29. Let v(r) = r - 5. Let p(l) = -q(l) - 2*v(l). Give p(-8).
-11
Let v(l) = -l**3 + 2*l**2 - 4*l + 3. Let t = -4 - -8. Suppose -2*p = 2*p + 2*j - 4, 0 = p + 5*j + 17. Suppose p*q - t = q. Give v(q).
-5
Let w(s) = 3*s - 25 + 4 + 8 + 7 + s**2. Give w(-8).
34
Let n(t) be the first derivative of t**2/2 + 2*t - 3. Let l(i) = -1. Let w(p) = 2*l(p) + n(p). Calculate w(5).
5
Let c(y) = 17*y - 3. Let h(b) = 1. Let i(v) = -c(v) - 2*h(v). Let a = 61 - 60. Give i(a).
-16
Let w(v) = -4*v - 8. Let q(h) = -39*h - 226. Let z be q(-6). What is w(z)?
-40
Let s(w) = -w**2 - 5*w - 4. Let t(h) be the first derivative of h**3/3 + 5*h**2/2 + 4*h + 13. Let g(l) = 4*s(l) + 3*t(l). Give g(-3).
2
Suppose 0 = 5*j + 20, 3*y - 9*j + 13*j + 31 = 0. Let p(z) = -3*z - 13. Calculate p(y).
2
Let y(f) be the second derivative of -3*f**5/20 - f**4/4 - f**3/6 - f**2/2 - 33*f - 2. Determine y(-2).
13
Let w(v) = -3*v - 9. Let i = 497 - 505. Determine w(i).
15
Let r(j) = 3*j + 6. Let b(c) = -1. Let a(i) = -4*b(i) - r(i). What is a(-7)?
19
Let m(a) = 0*a + 1 + 3*a - 5*a + 3*a. Let p(r) = -6*r + 5. Let v(w) = -6*m(w) + p(w). Calculate v(1).
-13
Suppose -2*a + 16 = -4*z - 6*a, a = -3. Let p(u) = u**3. Let n(r) = 2*r**3 + 3*r**2 - 3*r + 1. Let s(y) = z*p(y) + n(y). Determine s(-4).
-3
Suppose -2*t = 4*r - 10, -90 + 15 = -4*t + 3*r. Let b(g) = g**2 - 16*g + 9. Give b(t).
-6
Let s(x) = -3*x + 52*x**3 + x**2 - 2*x + 3 - 55*x**3 + x + 0*x**2. What is s(2)?
-25
Let z(k) = k**3 - 6*k**2 - k + 5. Let m = 48 + -54. Let u = m - -12. Give z(u).
-1
Let o(k) be the first derivative of -16 + 4*k - 1/3*k**3 - k**2. What is o(-3)?
1
Let i(l) = l**2 + 2*l - 6. Suppose -3*n + 5*n - 52 = 0. Let z = n - 26. Suppose -7*d + 6*d - 5 = z. What is i(d)?
9
Let u(r) be the third derivative of -r**5/60 + 7*r**4/24 - 3*r**3/2 - 130*r**2. Determine u(6).
-3
Suppose p + 5 = 3*o, 2*o - 7*o + 35 = 5*p. Suppose -9 = -o*x - 0. Let m(g) = 3*g + 2*g**2 - x*g**2 - 7*g + 3*g - 3. Calculate m(0).
-3
Let x = 0 - 5. Let t(a) be the third derivative of -a**4/24 - 50*a**2. Determine t(x).
5
Let i(p) = -p**3 - 31*p**2 + 31*p - 42. Let q be i(-32). Let x(m) = -m**3 - 9*m**2 + 13*m + 2. Calculate x(q).
-28
Let k be 0 - (-3 - -3 - 2). Let j(m) = m - k*m - m + m. Determine j(-4).
4
Let s(y) = -8*y**2 + 5*y - 53. Let z(j) = 15*j**2 - 11*j + 124. Let b(a) = 7*s(a) + 3*z(a). Let o be (0 - 0) + -1*1. What is b(o)?
-12
Let d(w) = -4*w**3 + 4*w**2 - 19*w + 2. Let k(n) = n**3 + 5*n - 1. Let o(m) = -d(m) - 3*k(m). What is o(3)?
4
Let u = 6 + -94. Let t = u - -86. Let d(o) be the first derivative of 3*o**2 + o - 1. Determine d(t).
-11
Let a(h) = -h**3 - 3*h**2 + 6*h + 3. Let n be (-2)/(((-12)/(-36))/(2/3)). Determine a(n).
-5
Let y(o) be the second derivative of -1/3*o**3 + 1/2*o**2 + 6*o + 0. Give y(-4).
9
Let g(m) = -3*m - 3. Let w(q) = -q - 1. Let f(s) = 2*g(s) - 7*w(s). Suppose 2*o + 29 = -5*t, o + 13 + 0 = -2*t. Give f(o).
-6
Let o(y) = -5*y**3 + 9*y**2 - 8*y + 8. Let s(a) = -8*a**3 + 10*a**2 - 9*a + 9. Let c(h) = 3*o(h) - 2*s(h). What is c(-8)?
-10
Suppose 5*z + 80 = -5*m, 0 = -z - 3*z - 3*m - 64. Let k = -16 - z. Let t(x) = -2*x + k*x**2 - 2*x**2 - 4 + x**2. Calculate t(-4).
-12
Let g be 46/6 - 54/81. Let l(f) = -f**2 + 5*f - 7. Give l(g).
-21
Let z(n) be the first derivative of n**3/3 - 5*n**2 + 6*n + 44. Determine z(11).
17
Let f = -64 + 141. Let q(w) = -7*w - 4. Let o(j) = -133*j - 77. Let h(x) = f*q(x) - 4*o(x). Let n(t) = t**2 - 10*t - 10. Let s be n(-1). Give h(s).
-7
Let c(z) = -77*z + 28*z + 30*z - 5 + 20*z. Let i be 4 + 2 + (-1)/1. Calculate c(i).
0
Let q be (-4)/(-18) + 190/(-45). Let v be 6/q - 496/32. Let h = -16 - v. Let o(r) = -8*r**2 + r - 1. Calculate o(h).
-8
Let z(a) = -a**2 - 12*a - 5. Let r be z(-9). Let w = r - 14. Let f(j) = -j**3 + 8*j**2 + 4. Calculate f(w).
4
Suppose 2*x = -8, -13*x = t - 16*x - 14. Let b(k) = -8*k + 6. Give b(t).
-10
Suppose -t - 3*c + 32 = 4*t, -2*t + 2*c = 0. Suppose -9*x - 25 = -t*x. Let w be (6/x)/((-1)/(-5)). Let l(r) = -2*r - 6. What is l(w)?
6
Let t be 4*4/(-2) + 1. Let a(h) = h**2 + 2*h + 4779671 - 4779676 + 2*h. Calculate a(t).
16
Let j(v) = -3*v**2 + 4*v. Let b(i) = -i**2 - i. Let k(z) = -4*b(z) + j(z). Let d(p) = p - 3. Let o be d(-3). What is k(o)?
-12
Let o(p) = p**2 - 7*p + 10. Let q be o(3). Let m(r) = 5*r + 46. Let k(g) be the first derivative of -g**2/2 - 9*g + 1. Let b(y) = q*m(y) - 11*k(y). Give b(0).
7
Let n(o) = -o**3 - 8*o**2 - 7*o + 4. Suppose 0 = -v - 8 + 1. Let j be n(v). Let h = j - -2. Let l(c) = c**2 - 5*c - 1. Calculate l(h).
5
Let u(n) be the third derivative of -n**5/60 + n**4/12 + n**3/6 + 7*n**2. Let g(f) = -f**2 + 4*f + 3. Let m be g(4). Give u(m).
-2
Let s(r) be the third derivative of r**4/8 - r**3 - 3*r**2. Let w be s(4). Let d(p) be the second derivative of p**3/6 + 23*p. Determine d(w).
6
Let i(p) = -p + 19. Let o be i(22). Let k(j) = j**3 + 5*j**2 + 6*j + 6. Let f be k(o). Let q(b) = -b**3 + 6*b**2 - 8. Determine q(f).
-8
Let z(h) be the second derivative of 0 + 12*h + 0*h**3 + 1/2*h**2 - 11/12*h**4. Give z(1).
-10
Suppose 0 = 3*x - 9 + 21. Let w(k) = 1. Let v(c) = -4*c - 11. Let z(b) = x*w(b) - v(b). Give z(-6).
-17
Let w be (-17 - 350/(-20))*2. Let a(b) = 2 - 7*b**3 - 2*b**3 - 3. Give a(w).
-10
Let i(v) be the third derivative of 5*v**4/6 - v**3/3 - 6*v**2. Let u be i(1). Suppose 8 = 2*p + u. Let l(a) = a**3 + 4*a**2 - 5*a + 5. Determine l(p).
5
Let b(u) = 5*u + 6*u - 4*u - 3*u - 3*u. Let r(m) = -m**2 - 4*m + 3. Suppose t + 3*t - p - 1 = 0, 3*p = -4*t - 19. Let w(q) = t*r(q) - 3*b(q). Determine w(0).
-3
Let m(s) be the third derivative of -1/6*s**3 - 9*s**2 + 0 + 0*s - 1/24*s**4. Give m(-1).
0
Let w(y) be the third derivative of y**5/60 + y**4/6 - y**3/6 + 323*y**2. What is w(-7)?
20
Let l(p) = 2*p**2 - p. Let d = 35 + -35. Suppose j + 2*m = -7, -2*m + 1 - 7 = d. Determine l(j).
3
Let c(w) be the first derivative of -w**4/24 + w**3/3 - 47*w**2/2 - 42. Let t(v) be the second derivative of c(v). Determine t(6).
-4
Suppose 4*n + 24 = -0. Let x(p) = -6*p - 10*p + 17*p. Calculate x(n).
-6
Let p(w) = w**2 - 22*w + 43. Let t be 40*(-8)/12*(-3)/4. What is p(t)?
3
Let j(z) = 2*z**2 + 2*z + 4. Let l be j(3). Let i = 31 - l. Let q(h) = h**2 + h - 1. Let u(m) = 3*m + 3. Let f(p) = -q(p) + u(p). Give f(i).
1
Let l(w) = -2 - 3*w + 0 + 0 + 1. Calculate l(-9).
26
Let q(v) = 2*v**3 + 9*v**2 + 9*v + 11. Let w(h) = -h**3 - 2*h**2 + h - 2. Let d(r) = q(r) + w(r). Calculate d(-6).
-15
Suppose -3*l + 64 - 4 = 0. Let g(c) = -10*c - 9 - 2 + l - 8. What is g(-1)?
11
Let w be (-8)/3*(-18)/12. Let b(i) = 6*i**2 - i. Let c(x) = -x**2 - 1. Let q = 4 - 9. Let t(a) = q*c(a) - b(a). What is t(w)?
-7
Let l = -163 + 327/2. Let v(n) be the second derivative of 4*n - 2*n**2 - 1/12*n**4 + 0 - l*n**3. Give v(-3).
-4
Let y(a) be the first derivative of -11 + a + 3/2*a**2 + 2/3*a**3. What is y(-3)?
10
Let c(o) = 14*o**2 - 6*o + 7. Let j(p) = 24*p**2 - 12*p + 12. Let